1
Let z(l) = l**3 + 18*l**2 - 20*l - 24. Let p be z(-19). Let y(u) = -2*u**3 - 2*u**2 - 15*u - 20. What is the hundreds digit of y(p)?
2
Suppose -357 = -3*c + 51. Suppose 0*t - c = t. What is the units digit of t/(-2) + 2 + -2?
8
Let z = 10554 - 5752. What is the hundreds digit of z?
8
Let j(m) = 10*m + 330. Let u(p) = -2*p - 66. Let v(r) = -2*j(r) - 11*u(r). What is the tens digit of v(0)?
6
Let m = 9873 - 5208. What is the hundreds digit of m?
6
Suppose 5*u - i = 32, -4*u - i + 43 = 4*i. What is the units digit of u?
7
Suppose -2*c + 1 = -0*c + z, -31 = -2*c + 5*z. Let n(o) = -o**2 + 3*o**3 + 4*o**3 - 6*o**c - 1 + 0*o**2 + o. What is the tens digit of n(3)?
2
Let m = 2375 + -1055. What is the thousands digit of m?
1
Suppose 197*u - 206*u = -3618. What is the hundreds digit of u?
4
Let m(d) be the first derivative of 5*d**2/2 - 13*d + 12. What is the tens digit of m(7)?
2
Let j = -312 + 454. What is the tens digit of j?
4
Let g = 468 + 27. What is the tens digit of g?
9
Let j(n) = 14*n - 4 - 10*n**2 - n + 2 + n**3 + 0*n. Let k be j(9). Suppose -3 = l - k. What is the tens digit of l?
3
Suppose 577 = 9*i - 24227. What is the hundreds digit of i?
7
Let s(m) = 12*m**2 + 12*m - 6. Let f(z) = 4*z**2 + 4*z - 2. Let o(c) = 7*f(c) - 2*s(c). Let y be o(-4). Let v = -24 + y. What is the units digit of v?
2
What is the hundreds digit of (5 - 184/40)/((-2)/(-4430))?
8
Suppose -4*a = 7 - 3. Let f(w) = w**3 - w + 1. Let r(q) = -2*q**3 + 6*q**2 + 6*q - 6. Let t(h) = a*f(h) - r(h). What is the units digit of t(7)?
9
Suppose 0 = 33*r - 3648 - 12984. What is the tens digit of r?
0
Let t = 1 - -3. Suppose 1 = t*h - 7. What is the tens digit of 1*21 - (h - 5)?
2
Suppose 0 = -3*n + 1 + 32. Suppose -3*b = -v - n, 3*b = -0*v + 3*v + 21. Suppose -8 = -4*k - 2*u, -2*u + 1 + b = -k. What is the units digit of k?
1
Let m = -21 - -30. Suppose m = 2*z + 5*g - 50, 3*z - 4*g = 77. What is the units digit of z?
7
Let u(w) be the first derivative of w**4/4 - 11*w**3/3 + 7*w**2 + 8*w + 26. Let o(b) = -b**3 + 5*b**2 - 4*b + 4. Let n be o(3). What is the units digit of u(n)?
8
Let s(j) = 14*j + 41. Let y be ((1 - 5) + 3)*-8. What is the hundreds digit of s(y)?
1
Suppose -24*r = -7270 - 3170. What is the units digit of r?
5
Let p(n) = 488*n**2 + 3*n + 2. What is the hundreds digit of p(-1)?
4
Let a(l) = -111*l + 15. What is the units digit of a(-28)?
3
Suppose r = -135 + 420. Let d = r + -184. Let c = -38 + d. What is the tens digit of c?
6
What is the tens digit of (-1 - 333)/(26/(-364))?
7
Suppose -4*d = g + 15, -8 = 5*d - 3. Let p = 13 - g. Suppose -4*k + 2*k = -p. What is the units digit of k?
2
Let l be (-7 - -4)*(-29 + -1). Let k = l - 57. What is the tens digit of k?
3
Let t be ((-4)/6)/(-2) + (-22737)/117. Let y = 300 + t. What is the tens digit of y?
0
What is the tens digit of ((-77)/(-14) + -6)*-458?
2
Let f be (-84)/(-30) + (-1)/(-5). Suppose -4*b + 1078 = f*b. Suppose 5*a + b = 2*r, -5*r + 327 = -0*r + 2*a. What is the tens digit of r?
6
Let h(j) = j**2 + 5*j + 12. Let x(n) = -n**2 - 6*n - 12. Let l(q) = 6*h(q) + 7*x(q). Let c be l(-9). Suppose 0 = 4*y + y - c. What is the units digit of y?
3
What is the hundreds digit of (-6)/3*((-2234)/4 + -2)?
1
Let g = 4 - 0. Suppose -2*l = -3*l + 5, -249 = -g*u - l. What is the tens digit of u?
6
Suppose -73*b = -76*b + 4*x + 10595, x = 4*b - 14131. What is the units digit of b?
3
Suppose 5*l - 25 + 0 = 0. Let z(r) = -r - 31. Let g(b) = b + 21. Let i(u) = l*z(u) + 8*g(u). What is the units digit of i(9)?
0
Let o(p) = -p**3 + 36*p**2 + 18*p - 11. What is the tens digit of o(36)?
3
What is the tens digit of (1648/64)/((-3 + 7)/144)?
2
Let z(v) = 169*v + 19. What is the hundreds digit of z(1)?
1
Suppose 54*d = 51*d + 534. What is the hundreds digit of d?
1
Let x(j) = 13*j**3 - 9*j**2 - 10*j - 16. What is the tens digit of x(6)?
0
Let q(x) = 4*x - 15. Let t be q(6). Suppose t*g - 30 = 7*g. What is the tens digit of g?
1
Let v = 3516 + -224. What is the units digit of v?
2
Let n = -2195 + 4067. What is the hundreds digit of n?
8
Let l = -3164 + 7337. What is the tens digit of l?
7
Let q be ((-12)/(-16))/(-3*2/(-24)). Suppose -60 - 135 = -q*n. What is the units digit of n?
5
Suppose 5*u = 3*d - 140, -2*d = u - 47 - 68. Let l = 78 - d. What is the units digit of l?
3
Suppose -3*d - 21 = 2*k + k, -25 = 3*d - k. Let m(p) = p**2 - 3*p - 11. What is the tens digit of m(d)?
7
Suppose 0 = -0*x - x + 2. Suppose 6*u - 49 = 53. Suppose 0 = -m + u - x. What is the units digit of m?
5
Suppose -3*l + 45 = -2*f, -6*l + 95 = -5*f - 2*l. Let b(d) = -d - 4. What is the units digit of b(f)?
1
Let m = -280 - -538. What is the hundreds digit of m?
2
Let y(f) = f**2 - f - 13. What is the tens digit of y(15)?
9
What is the tens digit of (-909)/(-1) + (84 - 87)?
0
Let w = 289 - -171. What is the units digit of w?
0
Let t = 24 + -38. Let x = -12 + t. Let k = -16 - x. What is the tens digit of k?
1
Let w = 260 + -143. Let r = w - 52. What is the tens digit of r?
6
Suppose -180 = -2*r - 3*b, -2*r - b + 180 = -6*b. Suppose -r*p = -95*p + 840. What is the hundreds digit of p?
1
Let y be 2/(-2)*-10*(-596)/(-8). Suppose 0 = 4*x - y + 113. What is the tens digit of x?
5
Let g = -1221 - -1777. What is the tens digit of g?
5
Let u(v) = v + 13. Let j be u(-14). Let z = 39 + j. What is the tens digit of z?
3
Let b be 17 + (-1)/(3/(-9)). Let o be b/6*(-18)/(-12). Suppose -o*z + 3*p = -7, z + 10 = 4*z + 4*p. What is the units digit of z?
2
Suppose -15*a = 388 - 1333. Let b = 32 + a. What is the units digit of b?
5
Suppose s + 5*i = 1038, 4*i - 13 = -29. What is the thousands digit of s?
1
Suppose 2*x + c = 18, -4*c + 41 = 3*x + c. Let q = x - 13. What is the tens digit of 4/q*(-39)/2?
1
Suppose 0 = 5*v + 15, -6*r + 104 = -2*r + 4*v. Let a = -24 + r. What is the tens digit of 1/a + (-508)/(-10)?
5
Suppose -10258 = -3*r + 2*t, r + 414 = 2*t + 3832. What is the thousands digit of r?
3
Suppose -92606 = -26*j + 23536. What is the hundreds digit of j?
4
Suppose -6*k - 16 = -10*k. Let s(j) = 17*j - 18. What is the units digit of s(k)?
0
Suppose 2*d = -5*z + d + 3, -2*z - d + 3 = 0. Suppose v + z*v = -17. Let x = v - -37. What is the units digit of x?
0
Let u = 380 - 100. Suppose 2*v + 192 = -3*o - o, -3*v = 4*o + u. Let n = v - -133. What is the tens digit of n?
4
Let h = 3139 - 1489. What is the tens digit of h?
5
Let g(x) = -123*x + 128. What is the thousands digit of g(-9)?
1
Let i(z) = -z - 21. Let c be i(-10). Let s = c + 5. Let b = s - -27. What is the units digit of b?
1
Let j(d) = -2*d - 1. Let y be j(7). What is the tens digit of (-515)/y - 1/3?
3
Let o = 1153 - 97. What is the thousands digit of o?
1
Suppose 4*j + 0*j = -200. Let m be (4/5)/((-2)/j). Suppose -q - 3*q = -m. What is the units digit of q?
5
What is the hundreds digit of (15/12 - (-26)/(-8)) + 730?
7
Suppose -6*r = -3*r + 3, -2*j = 3*r - 107. Suppose 0 = h - 150 + j. Suppose -w = x + x - 14, -5*w = 5*x - h. What is the units digit of w?
4
Let i = -2 - -2. Let s(z) = -2*z**3 - z**2 + 21. Let d be s(i). Suppose 3*k + 0 = b + 3, -3*k - 5*b + d = 0. What is the units digit of k?
2
Suppose 0*g = -4*g - j + 163, -j = 3*g - 121. What is the units digit of (-6)/15 - g/(-30)?
1
Let k(g) = -12*g + 8. Let n be k(-4). Let o = 91 + n. What is the hundreds digit of o?
1
Suppose 103*r - 5*s = 98*r + 14805, 2*r + s = 5910. What is the thousands digit of r?
2
Suppose -4*j - 2*r + 224 = 0, -2*r + r - 53 = -j. Let c = j + -42. What is the units digit of c?
3
Let r = -27 + 47. Let z = r + 20. What is the tens digit of z?
4
Let u = -333 + 210. What is the tens digit of 5 + -1 + -3 - u?
2
Suppose 2*a = -6*a + 6*a. What is the hundreds digit of (a - -6 - 1) + 243?
2
Let l = -237 - -404. Let z = l + -94. What is the tens digit of z?
7
Let u(a) = -5*a**3 + a**2 - a - 1. Let p be u(-1). Suppose y - p*y - 372 = -3*i, -3*i + 3*y + 378 = 0. What is the hundreds digit of i?
1
Suppose -2*w = 2*p - 72, 3*p = 2*w - 10 - 47. Suppose 0 = -l - 4*j - w - 10, 3*l - 2*j = -59. Let x = -5 - l. What is the tens digit of x?
1
Suppose -a + 22 = 12. Suppose a*q = 5*q + 820. What is the tens digit of q?
6
Suppose -4*y - 1100 = -4*h + h, h - 363 = 5*y. What is the hundreds digit of h?
3
Suppose 5 = 3*f - 5*g, 2*g - 18 = -2*f - 2*g. Suppose -4*r